{"id":16,"date":"2014-03-26T22:15:08","date_gmt":"2014-03-26T22:15:08","guid":{"rendered":"http:\/\/its-conf.org\/2014\/?page_id=16"},"modified":"2024-12-04T13:54:02","modified_gmt":"2024-12-04T13:54:02","slug":"committees","status":"publish","type":"page","link":"https:\/\/www.ama21-conf.org\/oldconferences\/2024\/committees\/","title":{"rendered":"Committees"},"content":{"rendered":"<p><strong>Conference Chair<\/strong><\/p>\n<p>Adriana Backx Noronha Viana, University of Sao Paulo (USP), Brazil<\/p>\n<p><strong>\u00a0<\/strong><\/p>\n<p><strong>Program Chair<\/strong><\/p>\n<div>Pedro Isa\u00edas, Information Systems &amp; Technology Management School, The University of New South Wales, Australia<span style=\"color: #888888;\"><br \/>\n<\/span><\/div>\n<p>&nbsp;<\/p>\n<p><strong>Committee Members<\/strong><\/p>\n<p>Aieman Al-omari, Hashemite University, Jordan<br \/>\nAndrea Morichetta, University of Camerino, Italy<br \/>\nAndrey Simonov, University of Hawaii &#8211; Hilo, USA<br \/>\nAnna Omarini, Bocconi University, Italia<br \/>\nBenjamin Yen, The University of Hong Kong, Hong Kong<br \/>\nBojan Mori\u0107 Milovanovi\u0107, Institute of Public Finance, Croatia<br \/>\nBonifacio Llamazares, Valladolid University, Spain<br \/>\nDavid Fuschi, Coventry University, United Kingdom<br \/>\nDenise Tsang, Henley Business School, United Kingdom<br \/>\nDr. Abhishek Bajpai, Government Engineering College, Kannuaj, India<br \/>\nDr. Samrah Shariq, Institute of Business Management (IoBM), Pakistan<br \/>\nDragutin Kermek, University of Zagreb, Croatia<br \/>\nEva Buitrago, University of Seville, Spain<br \/>\nGen-Yih Liao, Chang Gung University, Taiwan<br \/>\nGeorgios Lappas, University of Western Macedonia, Greece<br \/>\nGianluca Mattarocci, University of Rome Tor Vergata, Italy<br \/>\nGisela Ammetller Montes, Open University of Catalonia (UOC), Spain<br \/>\nHebatallah Mohamed, Jubail Industrial College, Saudi Arabia<br \/>\nInmaculada Moreno Masero, University of Seville, Spain<br \/>\nJana Majerova, AMBIS University, a.s., Czech Republic<br \/>\nJes\u00fas L\u00f3pez-rodr\u00edguez, University Of A Coru\u00f1a, Spain<br \/>\nLubica Gajanov\u00e1, University of \u017dilina, Slovakia<br \/>\nLuis \u00c1lvarez Sabucedo, University of Vigo, Spain<br \/>\nMarcius Henriques De Carvalho, PUC-Campinas, Brazil<br \/>\nMar\u00eda \u00c1ngeles Caraballo, University of Seville, Spain<br \/>\nRafael Curr\u00e1s P\u00e9rez, University of Valencia, Spain<br \/>\nRahib Abiyev, Near East University, Turkey<br \/>\nRoc\u00edo I\u00f1iguez, University of Seville, Spain<br \/>\nRodrigo Ferreira Silva, Empresa de Tecnologia e Informa\u00e7\u00f5es da Previd\u00eancia, Brazil<br \/>\nStephan B\u00f6hm, Rheinmain University of Applied Sciences, Germany<br \/>\nSubhacini Subramaniam, Multimedia University, Malaysia<br \/>\nTomas Sigmund, University of Economics, Czech Republic<br \/>\nYuriy Timofeyev, National Research University Higher School of Economics, Russia<\/p>\n<p>&nbsp;<\/p>\n","protected":false},"excerpt":{"rendered":"<p>Conference Chair Adriana Backx Noronha Viana, University of Sao Paulo (USP), Brazil \u00a0 Program Chair Pedro Isa\u00edas, Information Systems &amp; Technology Management School, The University of New South Wales, Australia &nbsp; Committee Members Aieman Al-omari, Hashemite University, Jordan Andrea Morichetta, University of Camerino, Italy Andrey Simonov, University of Hawaii &#8211; Hilo, USA Anna Omarini, Bocconi [&hellip;]<\/p>\n","protected":false},"author":1,"featured_media":0,"parent":0,"menu_order":0,"comment_status":"closed","ping_status":"closed","template":"","meta":{"footnotes":""},"_links":{"self":[{"href":"https:\/\/www.ama21-conf.org\/oldconferences\/2024\/wp-json\/wp\/v2\/pages\/16"}],"collection":[{"href":"https:\/\/www.ama21-conf.org\/oldconferences\/2024\/wp-json\/wp\/v2\/pages"}],"about":[{"href":"https:\/\/www.ama21-conf.org\/oldconferences\/2024\/wp-json\/wp\/v2\/types\/page"}],"author":[{"embeddable":true,"href":"https:\/\/www.ama21-conf.org\/oldconferences\/2024\/wp-json\/wp\/v2\/users\/1"}],"replies":[{"embeddable":true,"href":"https:\/\/www.ama21-conf.org\/oldconferences\/2024\/wp-json\/wp\/v2\/comments?post=16"}],"version-history":[{"count":115,"href":"https:\/\/www.ama21-conf.org\/oldconferences\/2024\/wp-json\/wp\/v2\/pages\/16\/revisions"}],"predecessor-version":[{"id":2494,"href":"https:\/\/www.ama21-conf.org\/oldconferences\/2024\/wp-json\/wp\/v2\/pages\/16\/revisions\/2494"}],"wp:attachment":[{"href":"https:\/\/www.ama21-conf.org\/oldconferences\/2024\/wp-json\/wp\/v2\/media?parent=16"}],"curies":[{"name":"wp","href":"https:\/\/api.w.org\/{rel}","templated":true}]}}